+ -2. Let c(n) = -68 - 2*n + 95 + 5*n - l*n. What are the prime factors of c(6)?
3, 7
Let q = 4297 + 6550. What are the prime factors of q?
10847
Let m be (-4*(-105)/(-18))/(19/(-2052)). Suppose -5*b = -3*k + m, -5*k + 2*b + 4219 = -0*b. List the prime factors of k.
5, 13
Let l = 53 + -47. Suppose -n - 3*n + 820 = 0. Suppose -f - n = -l*f. List the prime factors of f.
41
Suppose -o - 3*z = -12, 3*o + 5*z = -0*z + 20. Suppose 955 = 5*x + 4*r, o*x + 3*r = -x + 180. Suppose 2*n - 15 = x. List the prime factors of n.
3, 5, 7
Let b(o) = 62*o**2 + 32*o + 8. List the prime factors of b(-6).
2
Suppose -4*u + 89 = 5*j, 0 = 2*j - 2*u - 6 - 44. Suppose j*k - 19*k = 54. Suppose 2*p + 0 = 2*x - 6, 5*p - k = -x. What are the prime factors of x?
7
Suppose 231 = -3*z - 3*t + 6*t, -317 = 4*z - t. List the prime factors of (2*1 - 1) + (179 - z).
2, 5, 13
What are the prime factors of 14 - 27 - (-57418 - 9)?
2, 3, 7, 1367
Let g(j) = -5*j**2 - j. Let n be g(-1). Let x = -17142 + 17149. What are the prime factors of (0/4 + -14)*(n - x)?
2, 7, 11
Let k(f) = f**2 - 3*f - 16. Let o(y) = y - 1. Let q(l) = k(l) + 3*o(l). Let r = 7 - -4. List the prime factors of q(r).
2, 3, 17
Suppose 4*m - 61851 = -5*g, -2*m + 288*g = 293*g - 30923. List the prime factors of m.
2, 1933
Suppose -99*x - 450 = -90*x. Let m = 472 - x. What are the prime factors of m?
2, 3, 29
Suppose j + 2 = 2*r, -3*r + 12 = 2*r + j. Suppose -r*x = 2*x - 8. Suppose -x*a = -3*u + 381, -2*u + 2*a + 254 = a. What are the prime factors of u?
127
Let h = 3060 - -12663. What are the prime factors of h?
3, 1747
Let v = 69934 - 41061. List the prime factors of v.
13, 2221
Suppose 25*n = -23*n + 321696. What are the prime factors of n?
2, 3, 1117
Let o = 7472 + 17601. What are the prime factors of o?
25073
Let q(f) = f**3 - f**2 - 8*f + 10. Let r be q(4). Suppose r*d - 9 = 25*d. Suppose 2*u + d - 195 = 0. What are the prime factors of u?
3, 31
Let x = 201 + -53. Let v = 679 - x. What are the prime factors of v?
3, 59
Let k(t) = -13*t**3 + 6*t**2 + 145*t - 20. What are the prime factors of k(-11)?
2, 29, 283
Let a(b) = 41*b**2 + b - 4. Let y be a(-4). Let p = 463 + y. What are the prime factors of p?
11, 101
Let p = 20270 + -4910. List the prime factors of p.
2, 3, 5
Let z be 12/(-36) + 1434/9. Suppose 211 = 5*m - z. List the prime factors of m.
2, 37
Let d be 14/4 - 1 - (-22)/44. Let n(b) = -b**2 + 9*b - 15. Let t be n(d). Suppose -126 - 51 = -t*i. List the prime factors of i.
59
Let m(b) = 733*b**2 + 4*b - 46. List the prime factors of m(-7).
73, 491
Let s = 9 + -14. Let x(l) = 59*l + 6. Let h be x(s). Let t = -193 - h. What are the prime factors of t?
2, 3
Let f = -7745 + 16789. What are the prime factors of f?
2, 7, 17, 19
Let r = -7350 + 9028. What are the prime factors of r?
2, 839
Let k(l) = 101*l**2 - 51*l + 4. Let t be k(4). Suppose 2*j = -s - 3*j + 743, 0 = -2*s + 4*j + t. What are the prime factors of s?
2, 359
Suppose -10*b - 65544 = -22*b. What are the prime factors of b?
2, 2731
Let w(z) = -2*z + 1. Let p be w(-1). Let b = 2601 + -2602. List the prime factors of b/(-1) - 122*p/(-6).
2, 31
Suppose -35*x - p + 38847 = -31*x, 0 = 3*x - p - 29130. What are the prime factors of x?
3, 13, 83
Let u = -1863 - -2724. What are the prime factors of u?
3, 7, 41
Suppose -34*f - 2*j + 52424 = -30*f, 5*j = -30. What are the prime factors of f?
13109
Suppose 0*m - 13*m + 32110 = 0. Suppose -1886 = -18*b + m. List the prime factors of b.
2, 11
Let k(d) = 23 + 2*d - 17*d**2 - 5*d + 2*d**3 + 9*d. What are the prime factors of k(9)?
2, 79
Suppose 5*v + 10 = p, 2*p + 4*v - 87 = -p. Suppose 2*z = -0*z + 2, -a + p = z. Let s = a + 17. List the prime factors of s.
41
Let b be 0/1 - 0 - -128. Let k = -5021 - -5024. Suppose -k*x + x + b = 0. What are the prime factors of x?
2
Suppose o - 338 = -5*j, -5*o + 975 = -4*j - 599. Suppose 4*l - o = 522. Let a = 365 - l. List the prime factors of a.
5, 31
Let v(d) = -6*d**3 + 4*d**2 - 10*d. Let t be v(-5). Suppose -b + 300 = -2*g, -5*b + 2*g = -2*b - t. What are the prime factors of b?
2, 3, 5
Let q = -3481 + 6926. List the prime factors of q.
5, 13, 53
Suppose -5*h = -7*h + v + 5447, 5*v + 2728 = h. Suppose 16*q - 9*q - h = 0. List the prime factors of q.
389
What are the prime factors of 1 + 214941/27 - 374/(-1683)?
2, 3, 1327
Let t = 21611 + -6733. What are the prime factors of t?
2, 43, 173
Suppose -35262 = -103*g + 85*g. What are the prime factors of g?
3, 653
Let q(d) = -20*d - 75. Let s(a) = 39*a + 151. Let o(y) = -11*q(y) - 6*s(y). List the prime factors of o(-8).
31
Let p(k) be the third derivative of k**5/20 + 5*k**4/24 + k**3/6 - 696*k**2. Suppose 3 = 2*w - 5. List the prime factors of p(w).
3, 23
Suppose 0 = -2*l + 6. Let g = l + -8. Let b(q) = -q**3 - 3*q**2 - 11*q + 6. List the prime factors of b(g).
3, 37
Let v be (3184 + 1)/5 + 4. Suppose -3*f - 314 = -4*f - 4*h, -2*f + 5*h + v = 0. What are the prime factors of f?
2, 3, 53
Suppose 84 = -4*u + 12. Let w(c) = -7*c - 5. Let b be w(u). Let d = b - 56. List the prime factors of d.
5, 13
Let f = 142 + -139. Suppose -2*m - f = -u - 0, 4*u = -4*m + 12. Suppose m = -6*h + 70 + 548. What are the prime factors of h?
103
Let m(h) = -h**2 + 15*h + 8. Let n be m(14). Let i be (846/33)/2 - (-4)/n. Suppose -5*l - 2 + 21 = -3*z, -2*l + i = -3*z. List the prime factors of l.
2
Let o(p) = 14*p - 17. Let d(x) = x**3 - 9*x**2 + 16. Let m be d(9). What are the prime factors of o(m)?
3, 23
Let d(c) = 3477*c**2 - 90*c + 178. List the prime factors of d(2).
2, 17, 409
What are the prime factors of 23/(-4)*-2756 - 10?
3, 5279
Let c(l) = -l**3 - 12*l**2 - 8*l + 33. Let j be c(-12). Suppose -j = r - 583. What are the prime factors of r?
2, 227
Let c = 102205 - 60958. List the prime factors of c.
3, 4583
Suppose 20 = -5*w, -4*w - 10 = l + 2*l. Suppose 4*a = 3*u - 3122, -5226 = -5*u + 3*a - l*a. What are the prime factors of u?
2, 523
Let k(v) = -5*v**3 - 52*v**2 - 8*v - 18. List the prime factors of k(-11).
433
Let o(u) = u**2 - u - 42. Let k be o(-6). Suppose k = -b + 1. What are the prime factors of (-22 + -169)*(b + -2)?
191
Let t(p) = 197*p**3 - 5*p**2 - 6*p + 29. List the prime factors of t(2).
11, 13
Suppose 0 = 2*a + 3*a - 20, b - a - 3 = 0. Suppose -b*x = -20*x + 5486. What are the prime factors of x?
2, 211
Let w(t) = -8510*t + 66. What are the prime factors of w(-1)?
2, 67
Suppose -w + 18 = -3*m, -25 = -5*w - m + 3*m. Suppose w*x + 5*l - 790 = 0, -297 + 36 = -x - 4*l. List the prime factors of x.
5, 53
Let o = 3 - 27. Let m = o + -6. List the prime factors of 1*(-1 + 2) - (-4 + m).
5, 7
Let w = 16699 + -8734. What are the prime factors of w?
3, 5, 59
Suppose -17408 = -34*k + 36082 - 14084. What are the prime factors of k?
19, 61
Let d(x) = x**2 + 9*x - 13. Let z be d(-11). Let i(f) = 6*f + 15. Let q(g) = -12*g - 29. Let v(m) = z*i(m) + 4*q(m). What are the prime factors of v(8)?
67
Suppose 263 - 11 = 7*r. Suppose -9 = -3*j - r. List the prime factors of 36/((-12)/40*12/j).
2, 3, 5
Suppose 2*z - 9 = 3*m, -z - m + 1 = 4. Let p be 762/(-3) + z/(1/(-1)). What are the prime factors of p/(-3) - 14/21?
2, 3, 7
Let u(r) = -r**3 - 5*r**2 + 21*r - 19. Let h be u(-8). Suppose -1428 = -4*v - 4*w, -2*v + 317 + 406 = h*w. What are the prime factors of v?
2, 3, 59
Let m be (0 + -2)/((-10)/(-325)). Let h(r) = r + 98. Let k be h(-24). Let w = k + m. List the prime factors of w.
3
Let f(k) = 3*k + 67. Let x be f(-19). List the prime factors of x/(-4)*(-3 - 10577/35).
7, 109
Suppose -44*c + 5256 = 1032. Suppose -5*v - 120 = 180. Let j = v + c. List the prime factors of j.
2, 3
Let n(y) = 125*y**2 - 12*y + 9. Let p be n(-4). Suppose 0 = 2*r - p - 1431. What are the prime factors of r?
2, 109
List the prime factors of (-27420)/(-18) + 5 + 160/(-30).
1523
Let n = -41 - -42. Let u be n + 1 - (-2 + -5). Suppose 0 = -u*c + 8*c + 50. List the prime factors of c.
2, 5
Let j(o) be the second derivative of -7*o**3/6 + o**2/2 + 17*o. Suppose -4*l = a + 7, 2*l - 3*a - 9 = -2. What are the prime factors of j(l)?
2
Let x(p) = -p - 1. Let f(w) = 2*w - 28. Let v(c) = -f(c) + x(c). Let t be v(9). Suppose 3*j + i = 336, t*i = -3*i + 9. What are the prime factors of j?
3, 37
Suppose 29 = 9*l + 2. Let o(z) = 12*z**3 - z**2 - 4*z - 7. Let f be o(l). Suppose -2*a - a - 5*